onvert 7a7 (base 16) to base 11.
1521
Convert -31530 (base 6) to base 7.
-15354
Convert 2573 (base 10) to base 4.
220031
Convert 781 (base 13) to base 2.
10100001000
-8530 (base 11) to base 6
-124130
What is -1313331 (base 5) in base 9?
-38710
Convert -103551 (base 6) to base 14.
-320b
What is -20033 (base 7) in base 2?
-1001011011010
Convert 1333302 (base 5) to base 2.
110101010111111
Convert -1432303 (base 5) to base 14.
-b0a4
What is 52962 (base 10) in base 16?
cee2
1110110101000 (base 2) to base 12
4488
Convert 1c3 (base 16) to base 13.
289
2455 (base 6) to base 13
380
What is -4114 (base 16) in base 9?
-24761
What is 37 (base 12) in base 5?
133
Convert -6269 (base 10) to base 13.
-2b13
Convert -3a5 (base 12) to base 8.
-1055
What is -c15 (base 13) in base 10?
-2046
-17767 (base 9) to base 5
-343132
What is -3031 (base 4) in base 13?
-12a
-3457 (base 13) to base 4
-1302223
Convert -1002110 (base 5) to base 10.
-15905
Convert 22202100 (base 3) to base 13.
2b9b
Convert -abb2 (base 15) to base 4.
-20320220
Convert 12542 (base 6) to base 9.
2578
Convert -24444 (base 5) to base 10.
-1874
What is -924 (base 11) in base 7?
-3152
Convert 7c9b (base 13) to base 16.
447f
What is -1080 (base 11) in base 14?
-735
-1310 (base 8) to base 11
-598
13025 (base 7) to base 6
23545
What is -121 (base 8) in base 13?
-63
Convert -5700 (base 9) to base 8.
-10164
Convert -220 (base 14) to base 11.
-352
Convert cc19 (base 13) to base 8.
67376
What is -1021000 (base 3) in base 9?
-1230
-220002 (base 5) to base 13
-3551
-865 (base 9) to base 2
-1011000011
Convert 7372 (base 12) to base 14.
4850
What is -14422 (base 7) in base 3?
-12110121
1201022 (base 3) to base 16
4e2
Convert -220021 (base 3) to base 4.
-22033
104445 (base 7) to base 12
a7a0
1050 (base 6) to base 8
366
-177 (base 14) to base 4
-10231
Convert -925 (base 12) to base 15.
-5d5
Convert -1703a (base 12) to base 13.
-11c71
Convert 21011112 (base 3) to base 11.
3a20
Convert -112512 (base 8) to base 9.
-57374
What is 253 (base 9) in base 8?
322
What is 22221121 (base 3) in base 9?
8847
What is 175 (base 10) in base 12?
127
-54 (base 15) to base 9
-87
Convert 430151 (base 6) to base 8.
104363
-92a7 (base 15) to base 13
-11143
What is -22010 (base 4) in base 3?
-212212
Convert -253 (base 10) to base 16.
-fd
-30203 (base 4) to base 10
-803
Convert 101112221 (base 3) to base 10.
7693
What is 123234 (base 6) in base 12?
651a
1046 (base 8) to base 11
460
Convert -17634 (base 14) to base 10.
-58846
Convert 719 (base 13) to base 14.
621
What is -101101110 (base 2) in base 7?
-1032
-1dd0 (base 15) to base 2
-1100101011111
What is 1d4d (base 16) in base 8?
16515
What is -aba9 (base 12) in base 3?
-222001110
-29eb (base 15) to base 7
-35141
What is 3485 (base 9) in base 3?
10112212
What is 3201 (base 7) in base 10?
1128
Convert -2012301 (base 5) to base 6.
-405025
Convert 1013133 (base 5) to base 14.
6108
-5777 (base 12) to base 11
-7354
What is -11102220 (base 3) in base 2?
-110010100101
Convert 551 (base 16) to base 4.
111101
What is -221211 (base 6) in base 8?
-44007
Convert -117a2 (base 15) to base 4.
-31212233
-115 (base 6) to base 13
-38
Convert -3f9 (base 16) to base 2.
-1111111001
What is 6516 (base 9) in base 6?
34110
What is 56719 (base 11) in base 10?
82058
-202232 (base 5) to base 13
-2cb2
-2997 (base 12) to base 6
-34311
What is -1033 (base 7) in base 15?
-197
Convert -1123003 (base 6) to base 11.
-3a372
-132312 (base 4) to base 8
-3666
What is 510e (base 16) in base 4?
11010032
11100000010 (base 2) to base 14
922
-20231 (base 6) to base 11
-201a
1200001001 (base 3) to base 2
1000000001000001
What is 3000 (base 5) in base 8?
567
What is -4005 (base 7) in base 8?
-2541
Convert -2b1a (base 15) to base 9.
-13617
45243 (base 8) to base 15
59dc
Convert -110565 (base 7) to base 5.
-1111000
-893c (base 13) to base 10
-19148
What is 100 (base 8) in base 11?
59
530a (base 11) to base 4
1231310
Convert -32032 (base 6) to base 2.
-1000011110100
Convert -1111101001011 (base 2) to base 8.
-17513
Convert 11102110 (base 3) to base 16.
c99
1111000111011 (base 2) to base 14
2b6b
-111122 (base 7) to base 10
-19616
Convert 11011123 (base 4) to base 7.
114502
What is 23144 (base 5) in base 12?
b76
Convert -2a00 (base 11) to base 8.
-7440
Convert -1233222 (base 4) to base 15.
-21b6
-6b6 (base 13) to base 14
-5d1
What is -26054 (base 11) in base 9?
-56174
What is 918 (base 15) in base 11?
15a2
1576 (base 11) to base 14
a43
Convert -13ba0 (base 14) to base 7.
-262460
-3b5 (base 16) to base 8
-1665
What is -4999 (base 10) in base 12?
-2a87
What is -40461 (base 7) in base 14?
-3831
-63 (base 12) to base 16
-4b
Convert -3553 (base 16) to base 10.
-13651
Convert -721 (base 12) to base 3.
-1102021
9e (base 16) to base 14
b4
-1011000000 (base 2) to base 12
-4a8
What is 11c (base 15) in base 10?
252
Convert 1411 (base 7) to base 11.
458
What is 227 (base 9) in base 8?
273
1021120001 (base 3) to base 5
1301232
Convert -213 (base 4) to base 9.
-43
What is 27f9 (base 16) in base 9?
15030
What is 20002 (base 3) in base 16?
a4
What is 4587 (base 9) in base 2?
110101001000
Convert -476 (base 12) to base 3.
-220200
What is -8222 (base 9) in base 2?
-1011101111110
-37776 (base 10) to base 8
-111620
Convert -440 (base 16) to base 8.
-2100
-1879 (base 15) to base 5
-132124
What is -2440 (base 5) in base 6?
-1414
What is 126b1 (base 13) in base 3?
1201210110
Convert -24140 (base 8) to base 9.
-15154
Convert 2303004 (base 5) to base 11.
28897
What is 80dc (base 14) in base 10?
22146
Convert 3fb (base 16) to base 8.
1773
575 (base 16) to base 3
1220202
Convert -101001011110110 (base 2) to base 3.
-1002010121
2117 (base 10) to base 13
c6b
What is 300122 (base 6) in base 14?
873c
-2211 (base 5) to base 9
-370
What is -5021 (base 6) in base 16?
-445
What is -18b (base 12) in base 15?
-11b
1353 (base 9) to base 13
606
1034 (base 9) to base 3
1001011
2361 (base 12) to base 16
f79
What is 11110111100001 (base 2) in base 14?
5ab7
51453 (base 6) to base 7
26016
10233122 (base 4) to base 7
110420
Convert -101020 (base 4) to base 14.
-584
What is 788 (base 9) in base 10?
647
-bc0 (base 14) to base 6
-14432
What is -1a948 (base 11) in base 8?
-70644
Convert -1022001202 (base 3) to base 15.
-7892
Convert 4303 (base 6) to base 5.
12400
What is -7498 (base 10) in base 12?
-440a
What is -b840 (base 16) in base 7?
-254342
276 (base 14) to base 3
200101
-3483 (base 10) to base 7
-13104
Convert -6b7 (base 15) to base 7.
-4303
What is -275 (base 10) in base 12?
-1ab
-13200 (base 4) to base 8
-740
What is 111122212 (base 3) in base 13?
46c1
What is 2018 (base 13) in base 5?
120130
Convert 1a3 (base 11) to base 9.
280
Convert -1041 (base 5) to base 13.
-b3
-21133 (base 6) to base 2
-101100110001
What is -52aa (base 15) in base 10?
-17485
1a8 (base 15) to base 4
11333
What is -1110110 (base 2) in base 8?
-166
33384 (base 9) to base 6
250421
Convert 26587 (base 12) to base 15.
1090d
What is -110110101 (base 2) in base 15?
-1e2
-1770 (base 10) to base 5
-24040
-107 (base 9) to base 7
-154
Convert 13035 (base 6) to base 2.
11110101111
2233122 (base 4) to base 10
11226
What is 1832 (base 9) in base 16?
57e
1267 (base 12) to base 2
100000101111
128 (base 10) to base 8
200
Convert -261243 (base 7) to base 5.
-3022432
What is 36362 (base 7) in base 14?
3632
-201311 (base 4) to base 11
-1699
What is -1001212 (base 3) in base 2?
-1100001011
-461 (base 9) to base 15
-1a4
-1010010100111001 (base 2) to base 16
-a539
What is -7c1 (base 14) in base 16?
-605
Convert 2673 (base 8) to base 12.
a23
Convert 1443 (base 5) to base 12.
188
What is -10372 (base 9) in base 4?
-1223111
-11011001001010 (base 2) to base 14
-50ca
What is -150a7 (base 16) in base 2?
-10101000010100111
What is -12205 (base 8) in base 2?
-1010010000101
What is 221413 (base 5) in base 2?
1111000110101
What is 463 (base 7) in base 11?
1aa
What is -501 (base 13) in base 12?
-5a6
722 (base 10) to base 6
3202
-4d6d (base 15) to base 7
-66121
-21401 (base 5) to base 11
-1122
What is 2207 (base 8) in base 7?
3244
10130 (base 4) to base 14
164
-12120133 (base 4) to base 16
-661f
Convert -6d22 (base 15) to base 2.
-101101010100111
-4206 (base 8) to base 10
-2182
a1b2 (base 13) to base 2
101011100001100
What is -2a4 (ba